inder when 3050 is divided by 253?
14
Calculate the remainder when 5608 is divided by 1402.
0
Calculate the remainder when 85611 is divided by 465.
51
What is the remainder when 4984 is divided by 999?
988
What is the remainder when 4740 is divided by 4731?
9
Calculate the remainder when 343395 is divided by 17.
12
What is the remainder when 129190 is divided by 56?
54
What is the remainder when 2903 is divided by 405?
68
Calculate the remainder when 10608 is divided by 1306.
160
Calculate the remainder when 36634 is divided by 4060.
94
What is the remainder when 3046 is divided by 297?
76
Calculate the remainder when 17521 is divided by 116.
5
What is the remainder when 15725 is divided by 629?
0
What is the remainder when 7726 is divided by 12?
10
What is the remainder when 2255 is divided by 1?
0
Calculate the remainder when 113336 is divided by 11.
3
Calculate the remainder when 285187 is divided by 332.
331
Calculate the remainder when 3514 is divided by 112.
42
What is the remainder when 536906 is divided by 7781?
17
What is the remainder when 208715 is divided by 208713?
2
What is the remainder when 8283 is divided by 1376?
27
What is the remainder when 64 is divided by 58?
6
Calculate the remainder when 1438998 is divided by 1007.
1002
Calculate the remainder when 3789 is divided by 1835.
119
Calculate the remainder when 152763 is divided by 38190.
3
What is the remainder when 1432 is divided by 372?
316
Calculate the remainder when 11826 is divided by 1155.
276
What is the remainder when 279809 is divided by 1052?
1029
What is the remainder when 16229 is divided by 599?
56
What is the remainder when 81093 is divided by 13?
12
Calculate the remainder when 202949 is divided by 104.
45
What is the remainder when 7490 is divided by 242?
230
What is the remainder when 2723 is divided by 481?
318
What is the remainder when 617307 is divided by 47?
9
Calculate the remainder when 26169 is divided by 2180.
9
What is the remainder when 1992 is divided by 512?
456
Calculate the remainder when 11111 is divided by 3684.
59
What is the remainder when 3033 is divided by 602?
23
Calculate the remainder when 99273 is divided by 44.
9
What is the remainder when 3000 is divided by 537?
315
What is the remainder when 491 is divided by 351?
140
What is the remainder when 595 is divided by 504?
91
What is the remainder when 37357 is divided by 58?
5
What is the remainder when 17407 is divided by 5?
2
What is the remainder when 2161 is divided by 692?
85
Calculate the remainder when 1806 is divided by 15.
6
What is the remainder when 298801 is divided by 3735?
1
What is the remainder when 134808 is divided by 17?
15
Calculate the remainder when 29756 is divided by 28.
20
What is the remainder when 126510 is divided by 156?
150
What is the remainder when 185055 is divided by 894?
891
What is the remainder when 1384 is divided by 375?
259
Calculate the remainder when 66885 is divided by 272.
245
What is the remainder when 6407 is divided by 513?
251
What is the remainder when 162194 is divided by 120?
74
Calculate the remainder when 59520 is divided by 4.
0
Calculate the remainder when 2043 is divided by 36.
27
What is the remainder when 89440 is divided by 14899?
46
Calculate the remainder when 162618 is divided by 2323.
8
What is the remainder when 6325 is divided by 334?
313
What is the remainder when 2139 is divided by 107?
106
What is the remainder when 26220 is divided by 36?
12
What is the remainder when 19130 is divided by 1903?
100
Calculate the remainder when 66369 is divided by 51.
18
What is the remainder when 19192 is divided by 4700?
392
Calculate the remainder when 310020 is divided by 419.
379
What is the remainder when 7789 is divided by 13?
2
Calculate the remainder when 1732 is divided by 140.
52
What is the remainder when 12553 is divided by 145?
83
Calculate the remainder when 83778 is divided by 381.
339
What is the remainder when 151254 is divided by 137?
6
What is the remainder when 101931 is divided by 308?
291
What is the remainder when 1230 is divided by 530?
170
Calculate the remainder when 41056 is divided by 2413.
35
Calculate the remainder when 97981 is divided by 68.
61
Calculate the remainder when 1437167 is divided by 632.
631
What is the remainder when 1275 is divided by 510?
255
Calculate the remainder when 20183 is divided by 6665.
188
Calculate the remainder when 8226 is divided by 8216.
10
What is the remainder when 2786 is divided by 1868?
918
What is the remainder when 11361 is divided by 97?
12
Calculate the remainder when 176203 is divided by 175.
153
Calculate the remainder when 48996 is divided by 59.
26
Calculate the remainder when 2449 is divided by 146.
113
What is the remainder when 226803 is divided by 103?
100
What is the remainder when 148 is divided by 39?
31
What is the remainder when 11631 is divided by 892?
35
What is the remainder when 3931530 is divided by 44?
42
What is the remainder when 14230 is divided by 3557?
2
Calculate the remainder when 79011 is divided by 39497.
17
Calculate the remainder when 44229 is divided by 80.
69
What is the remainder when 1867 is divided by 552?
211
What is the remainder when 1943 is divided by 27?
26
What is the remainder when 33872 is divided by 2?
0
Calculate the remainder when 219 is divided by 147.
72
Calculate the remainder when 48563 is divided by 55.
53
Calculate the remainder when 39453 is divided by 1409.
1
What is the remainder when 1301 is divided by 163?
160
What is the remainder when 37887 is divided by 45?
42
What is the remainder when 19458 is divided by 304?
2
Calculate the remainder when 292 is divided by 224.
68
What is the remainder when 13286 is divided by 2611?
231
Calculate the remainder when 23165 is divided by 5757.
137
What is the remainder when 6690 is divided by 1627?
182
Calculate the remainder when 218858 is divided by 378.
374
What is the remainder when 13565 is divided by 1190?
475
What is the remainder when 7580 is divided by 77?
34
Calculate the remainder when 1762245 is divided by 125.
120
What is the remainder when 6286 is divided by 1255?
11
Calculate the remainder when 37362 is divided by 7469.
17
Calculate the remainder when 9227 is divided by 50.
27
What is the remainder when 144276 is divided by 48076?
48
Calculate the remainder when 2348 is divided by 2231.
117
Calculate the remainder when 4297 is divided by 4272.
25
What is the remainder when 5144 is divided by 475?
394
Calculate the remainder when 3376191 is divided by 568.
567
What is the remainder when 9934 is divided by 630?
484
What is the remainder when 23364 is divided by 177?
0
What is the remainder when 1529 is divided by 36?
17
Calculate the remainder when 239900 is divided by 22.
12
What is the remainder when 111594 is divided by 55?
54
What is the remainder when 33432 is divided by 8345?
52
What is the remainder when 2002 is divided by 12?
10
Calculate the remainder when 96402 is divided by 149.
148
Calculate the remainder when 11965 is divided by 57.
52
Calculate the remainder when 2044 is divided by 51.
4
What is the remainder when 110045 is divided by 10003?
12
Calculate the remainder when 1161 is divided by 522.
117
What is the remainder when 29622 is divided by 5924?
2
Calculate the remainder when 1170 is divided by 125.
45
Calculate the remainder when 110357 is divided by 89.
86
Calculate the remainder when 1026825 is divided by 198.
195
Calculate the remainder when 11831 is divided by 338.
1
What is the remainder when 18581 is divided by 38?
37
Calculate the remainder when 380333 is divided by 5.
3
Calculate the remainder when 1247 is divided by 390.
77
What is the remainder when 577 is divided by 265?
47
What is the remainder when 314668 is divided by 5937?
7
What is the remainder when 160032 is divided by 24?
0
What is the remainder when 83480 is divided by 41739?
2
Calculate the remainder when 8682 is divided by 32.
10
Calculate the remainder when 5802 is divided by 119.
90
Calculate the remainder when 75593 is divided by 25195.
8
Calculate the remainder when 448292 is divided by 85.
2
What is the remainder when 107180 is divided by 84?
80
What is the remainder when 43378 is divided by 15?
13
What is the remainder when 1600 is divided by 234?
196
Wh